**2 - 32*s + 49. Give c(30).
-11
Let l(d) = d**3 + 20*d**2 + 76*d + 29. Determine l(-15).
14
Let a(g) = 8*g**2 - 10*g - 2. Give a(-4).
166
Let q(d) = 6*d**2 + 56*d + 28. Determine q(-9).
10
Let u(j) = 31*j + 6. Determine u(-2).
-56
Let t(y) = 30*y + 23. Give t(-1).
-7
Let h(a) = -a**2 + 8*a - 27. Give h(5).
-12
Let m(d) = 6*d - 1. What is m(-1)?
-7
Let p(a) = -30*a + 2. What is p(-1)?
32
Let r(d) = d - 20. Determine r(14).
-6
Let i(b) = -16*b + 144. Determine i(8).
16
Let s(q) = 6*q - 2. Determine s(1).
4
Let m(b) = -b**2 + 52*b - 537. Give m(14).
-5
Let h(m) = -m**3 - 42*m**2 + 89*m + 31. Determine h(-44).
-13
Let g(j) = 2*j**2 + 3*j + 4. Determine g(-4).
24
Let p(l) = l + 19. What is p(-13)?
6
Let d(k) = 2*k**2 + 17*k + 5. Determine d(-4).
-31
Let c(x) = x**2 + 25*x + 107. Determine c(-4).
23
Let b(x) = -15*x + 13. Determine b(-3).
58
Let k(x) = -x**3 - 8*x**2 - 10*x - 17. Calculate k(-7).
4
Let f(d) = -5*d + 7. What is f(-6)?
37
Let c(y) = -2*y - 32. Determine c(-11).
-10
Let y(o) = o + 4. What is y(3)?
7
Let z(k) = -25*k + 350. Give z(14).
0
Let v(d) = 2*d**2 - 2*d. Calculate v(-3).
24
Let o(v) = 2*v**3 - 6*v**2 - 6*v + 17. Determine o(5).
87
Let h(a) = -a**3 + 8*a**2 - 2*a - 15. Determine h(7).
20
Let g(r) = 2*r**3 - 2*r**2 - 2. What is g(2)?
6
Let o(x) = 2*x**3 + 16*x**2 + 2*x - 46. Calculate o(-8).
-62
Let d(n) = 41*n - 616. Calculate d(15).
-1
Let d(j) = j**3 + 69*j**2 - 70*j - 9. Determine d(-70).
-9
Let r(o) = -o**2 - 2*o. What is r(-3)?
-3
Let i(k) = k**3 - 6*k**2 - 18*k + 11. Calculate i(8).
-5
Let m(h) = -h**3 + 6*h**2 - 5*h + 6. Calculate m(5).
6
Let j(r) = 2*r**2 - 7*r + 8. What is j(4)?
12
Let h(i) = i**2 + 3*i - 11. Calculate h(-6).
7
Let w(c) = -50*c - 7. Calculate w(-3).
143
Let q(g) = 10*g**2 - 4*g - 4. Give q(-1).
10
Let y(g) = -3*g**3 + 45*g**2 - 41*g - 14. Determine y(14).
0
Let d(x) = -x**3 + 12*x**2 - 15*x + 2. Determine d(10).
52
Let c(i) = i**3 - 12*i**2 + 46*i - 172. Determine c(9).
-1
Let t(p) = -2*p - 16. Give t(-12).
8
Let u(z) = 3*z - 30. Determine u(-7).
-51
Let w(m) = -4*m**2 + m - 1. Give w(3).
-34
Let s(r) = -28*r + 151. Give s(5).
11
Let y(f) = -f**3 + 7*f**2 - 8*f - 1. What is y(6)?
-13
Let g(x) = 2*x - 3. What is g(-8)?
-19
Let s(g) = -3*g - 28. Determine s(-14).
14
Let g(y) = y**3 + 30*y**2 - 66*y - 53. What is g(-32)?
11
Let o(j) = -4*j. Calculate o(1).
-4
Let j(g) = -g**2 - 6*g + 27. Calculate j(-7).
20
Let k(o) = -o**2 + 12*o + 41. Give k(14).
13
Let d(b) = -b**2 + 15*b + 152. What is d(-7)?
-2
Let u(r) = 2*r**3 + 3*r**2 - 2*r + 2. Give u(-3).
-19
Let q(y) = -y**3 + 13*y**2 + 17*y - 50. What is q(14)?
-8
Let n(j) = j**2 + 3*j - 23. Give n(-6).
-5
Let v(w) = w**2 - 10*w - 15. Give v(13).
24
Let i(y) = 2*y - 4. Give i(-5).
-14
Let r(j) = j**3 + 7*j**2 + 8*j + 14. What is r(-6)?
2
Let f(v) = v**2 - 12*v - 12. Give f(13).
1
Let d(t) = 4*t - 83. Determine d(21).
1
Let a(o) = -2*o - 8. Calculate a(10).
-28
Let z(u) = 8*u - 57. Calculate z(6).
-9
Let c(l) = 5*l**3 - 2*l**2 - 2*l. Give c(-1).
-5
Let n(w) = w - 3. Determine n(6).
3
Let f(j) = j - 7. Calculate f(0).
-7
Let r(n) = -n**3 - 7*n**2 - 7*n - 12. What is r(-6)?
-6
Let f(q) = -9*q**2 - 9*q - 7. Give f(-1).
-7
Let h(z) = 7*z - 3. What is h(3)?
18
Let b(y) = 21*y - 14. Give b(-4).
-98
Let x(c) = c**2 - 6*c - 68. Calculate x(11).
-13
Let y(l) = -l**2 - 14*l - 1. Determine y(-14).
-1
Let t(n) = -8*n + 8. Calculate t(1).
0
Let f(k) = -3*k - 3. Calculate f(-2).
3
Let p(u) = u**3 + 10*u**2 - 11*u - 8. Calculate p(-11).
-8
Let c(u) = -11*u + 88. Determine c(8).
0
Let x(g) = -4*g + 2. Determine x(3).
-10
Let b(d) = -d**2 - 9*d + 29. Calculate b(-11).
7
Let p(q) = 13*q - 438. Calculate p(33).
-9
Let j(i) = i - 6. Give j(-2).
-8
Let n(c) = c**2 - 13*c + 3. Give n(13).
3
Let p(f) = -f**3 + 13*f**2 - 19*f - 1. Determine p(10).
109
Let j(q) = -33*q - 574. Calculate j(-17).
-13
Let a(j) = -j**2 - 4*j + 119. What is a(-13)?
2
Let g(k) = -k + 1. Give g(-1).
2
Let s(u) = -10*u + 165. What is s(17)?
-5
Let o(f) = f**2 - 11*f + 12. Calculate o(9).
-6
Let x(d) = d**3 - d**2 + 2*d - 1. Calculate x(3).
23
Let d(t) = t**2 + 11*t - 12. What is d(-12)?
0
Let y(b) = 25*b - 71. What is y(3)?
4
Let n(y) = 17*y**2 - 4*y + 2. What is n(1)?
15
Let u(c) = 2*c**2 - 18*c + 15. Calculate u(8).
-1
Let m(d) = -d**3 - 49*d**2 + 47*d - 151. Calculate m(-50).
-1
Let n(u) = -u**3 + 4*u**2 + 12*u - 12. Calculate n(6).
-12
Let x(b) = -b**2 + 13*b + 14. Calculate x(5).
54
Let w(s) = -s**2 - 14*s + 38. What is w(-14)?
38
Let f(z) = -2*z**2 - 2*z + 4. Give f(-3).
-8
Let l(a) = a**3 + 10*a**2 + 21*a + 31. Determine l(-8).
-9
Let h(c) = c**3 + 6*c**2 - 15. What is h(-5)?
10
Let x(a) = -26*a**2. Give x(2).
-104
Let r(h) = -3*h + 27. Give r(11).
-6
Let n(k) = k**2 + 6*k + 10. Calculate n(-4).
2
Let h(d) = d**3 + 7*d**2 + 6. Give h(-7).
6
Let k(l) = -2*l - 9. What is k(-7)?
5
Let s(v) = 4*v - 25. What is s(5)?
-5
Let c(v) = 8*v**3 - 2*v**2 - 4*v + 4. Calculate c(2).
52
Let y(v) = v**3 - 3*v**2 - 6*v + 3. Give y(5).
23
Let z(b) = -b**2 + 4*b + 14. Determine z(5).
9
Let g(m) = 20*m + 3. Determine g(-1).
-17
Let q(r) = r**2 + 4*r - 5. What is q(-4)?
-5
Let v(c) = -5*c. Give v(2).
-10
Let y(w) = w + 84. What is y(0)?
84
Let y(s) = s**2 + 12*s - 8. Determine y(-13).
5
Let u(b) = 2*b**2 - 14*b + 37. Give u(9).
73
Let a(u) = -u**3 + 5*u**2 - 4*u - 1. Give a(4).
-1
Let h(s) = -s**2 + 6*s + 4. Determine h(6).
4
Let z(d) = d**2 + 13*d + 29. What is z(-6)?
-13
Let c(f) = 15*f - 172. Give c(11).
-7
Let d(m) = -m**2 - 6*m + 11. What is d(4)?
-29
Let x(c) = -c - 2. Calculate x(7).
-9
Let c(y) = 4*y**3 - 2*y**2 + 2*y. What is c(2)?
28
Let d(p) = 2*p**2 - 35*p - 11. Give d(18).
7
Let c(t) = 2*t - 4. Calculate c(-5).
-14
Let h(s) = -s**3 + 4*s**2 - 5. Calculate h(4).
-5
Let q(p) = -p - 4. Calculate q(-7).
3
Let y(s) = -5*s**2 + 13*s - 13. What is y(1)?
-5
Let u(d) = d**3 - 8*d**2 + 3*d + 25. Calculate u(7).
-3
Let a(p) = -2*p**3 + 20*p**2 - 9*p + 4. Determine a(9).
85
Let b(w) = -w**3 - 13*w**2 + 13*w - 5. What is b(-14)?
9
Let u(k) = -k**3 - 14*k**2 + 13*k + 15. Give u(-15).
45
Let c(z) = -z + 20. What is c(12)?
8
Let u(d) = d**3 + 5*d**2 + 3*d - 2. Calculate u(-2).
4
Let f(z) = -69*z + 824. Calculate f(12).
-4
Let j(s) = 3*s + 19. What is j(4)?
31
Let d(o) = o**2 + 47*o - 376. Determine d(7).
2
Let c(h) = -h**3 - 5*h**2 + 5*h + 6. Calculate c(-6).
12
Let l(r) = -2*r + 72. Give l(36).
0
Let k(z) = z**3 - 40. What is k(0)?
-40
Let i(u) = 2*u**2 - 62*u - 63. Calculate i(32).
1
Let b(g) = 3*g**3 + 2*g**2 - 4*g + 2. Calculate b(2).
26
Let j(g) = -2*g. Determine j(13).
-26
Let i(l) = -2*l - 35. Calculate i(0).
-35
Let a(o) = o**2 + 3*o + 12. Determine a(0).
12
Let r(h) = h**3 + 7*h**2 + 5*h - 18. Calculate r(-5).
7
Let d(y) = -y**3 - 14*y**2 - 15*y - 30. Calculate d(-13).
-4
Let s(f) = -7*f**2 - 22*f - 21. Calculate s(-1).
-6
Let s(l) = -3*l**3 + 4*l**2 - l - 4. Determine s(2).
-14
Let a(n) = -n**3 + 12*n**2 - 12*n + 1. Determine a(11).
-10
Let u(b) = -b + 26. What is u(13)?
13
Let f(i) = -i**2 - 3*i - 1. Give f(-6).
-19
Let o(k) = -k + 8. Give o(6).
2
Let y(k) = -k**2 + 8*k + 21. Give y(10).
1
Let g(f) = 11*f - 41. Calculate g(5).
14
Let u(f) = -f**3 + 8*f**2 - 7*f + 6. Determine u(7).
6
Let z(q) = -q**2 + 17*q + 72. What is z(21)?
-12
Let s(x) = x**3 + 4*x**2 + 2*x + 4. Determine s(-3).
7
Let b(d) = d**3 - 8*d**2 + 14*d - 1. What is b(6)?
11
Let b(h) = h**2 + 10*h - 8. Determine b(-11).
3
Let x(l) = -l**3 - 4*l**2 + 6*l + 10. Determine x(-4).
-14
Let b(d) = -d**2 + 5*d - 23. Give b(-6).
-89
Let o(v) = v**2 - 4*v + 6. Calculate o(8).
38
Let b(j) = -j**2 + 8*j + 5. What is b(6)?
17
Let c(a) = -3*a + 78. What is c(36)?
-30
Let w(k) = -k**3 + 7*k + 12. What is w(-2)?
6
Let i(r) = -3*r**3 - r**2 + 9*r - 24. What is i(2)?
-34
Let m(p) = 62*p - 808. What is m(13)?
-2
Let d(n) = n**2 + 2*n - 95. Calculate d(9).
4
Let b(t) = -9*t**3 + t. Calculate b(-1).
8
Let t(y) = y**2 - 27*y + 28. Give t(26).
2
Let b(n) = -2*n + 69. Determine b(29).
11
Let t(w) = 3*w**3 - 4*w**2 + 2*w - 3. Give t(4).
133
Let w(g) = 2*g**3 - 4*g + 5. Give w(-3).
-37
Let c(y) = -y - 47. Calculate c(-17).
-30
Let q(c) = c**3 - 4*c**2 - 4*c + 7. Give q(5).
12
Let c(q) = q**3 + 17*q**2 + 11*q + 19. Calculate c(-16).
99
Let o(q) = -q**3 + q**2 - 2*q + 7. Determ